+ 5*f**2 + 15*f - 2. Let s be 4 + (-1)/2*-6. What is the units digit of w(s)?
5
Suppose 5*v = 5*r - 5, 2*r - 5*v = -0*r + 2. Let b be ((-8)/(-24))/(r/(-6)). What is the units digit of -4*(0 - (-1)/b)?
2
Let v be 15/45 + (-488)/6. Let p = v + 158. What is the units digit of p?
7
Let j = -18 + 23. Suppose -j*l + 12 = -l. Suppose 1 - 85 = -l*d. What is the units digit of d?
8
Let a = 958 + 451. What is the hundreds digit of a?
4
Suppose 0 = -5*x + j - 6008, 5*j = -5*x + 2*x - 3616. What is the tens digit of (30/25)/(-6) - x/10?
2
Let m(r) = 139*r**2 + 5*r + 8. What is the thousands digit of m(5)?
3
Let m = -428 + 983. What is the hundreds digit of m?
5
Let f be (-22)/(-6) - 4/6. Suppose 3*g - g = -f*h + 95, 3*h + 181 = 4*g. What is the tens digit of g?
4
Suppose 3*t + 4*q = 1 - 51, -t - 26 = -q. Let d = t + 75. What is the tens digit of d?
5
Let n(w) be the first derivative of 5*w**3/3 - 4*w**2 - 4*w + 18. What is the units digit of n(4)?
4
Let k = -29 + -3. Let j be (-32)/(-14) + k/112. Suppose 5*g - 2*n - 199 = 0, -g + j*n + 38 = n. What is the units digit of g?
1
Let j be (12/5)/(5*(-8)/(-4300)). Let s = -140 + j. What is the units digit of s?
8
Let i(k) = k**3 + k**2 + 26. Let n(p) = p - 20. Let h be n(20). What is the tens digit of i(h)?
2
Let k(j) = 2*j - 6. Let b be k(4). Suppose 2*o = -b*o - 56. Let p(x) = -x - 4. What is the units digit of p(o)?
0
Suppose 0 = d + 2 - 4. Suppose -2*i = -b + 38, d*i - 5*i + 69 = 2*b. What is the tens digit of (-2)/9 + 620/b?
1
What is the units digit of ((-11)/((-275)/(-3660)))/(3/(-20))?
6
Suppose 0 = 2*z + 2*z. Let w be z/7*(-2)/(-6). Suppose -2*i + 54 = i - 3*t, w = -5*i - 3*t + 66. What is the units digit of i?
5
Let m = 0 - -4. Let v(t) = 0*t - m*t - 5 + t + 2*t**2. What is the units digit of v(6)?
9
Let k = 196 + -123. Suppose -2*y - u + k = 3*y, -2*u = -y + 8. What is the units digit of ((-36)/21)/((-2)/y)?
2
Let f = 372 + -90. What is the hundreds digit of f?
2
Let y = 57 - 41. Let c = y - 14. Suppose c*n - 228 = -2*n. What is the units digit of n?
7
Suppose 0 = -3*c + 4*c - 4. Suppose -2*i - 3*h - 11 = 0, 6*i - 26 = 3*i + c*h. Suppose -2*x + 4*u = -28, -2*x - i*x + 68 = -4*u. What is the tens digit of x?
2
Let a = 10 - 9. Let s(p) = 22*p. Let l be s(a). Let u = -18 + l. What is the units digit of u?
4
Let o = -3 + 4. Let u be (-1)/(o*(-4)/12). What is the units digit of 150/4*2/u?
5
What is the tens digit of (-1 + 36 - 0)/((-53)/(-2014))?
3
Let b = -2561 + 6099. What is the thousands digit of b?
3
Let b(m) = 35*m**3 + 9*m**2 - 18*m - 6. What is the units digit of b(4)?
6
Suppose 16 = 2*p + 2. Let h be 4 + ((-14)/(5 - -2) - -1). Let s = h + p. What is the tens digit of s?
1
Let k be 6/(-10) + 1 - 8090/(-25). Suppose 3*y - b - k = 2*b, 0 = b + 3. What is the tens digit of y?
0
Let f = -852 - -3034. What is the hundreds digit of f?
1
What is the tens digit of (-1258)/(-14) + 0 - 2/(-14)?
9
What is the tens digit of 174046/374 + 4/(-11)?
6
Let w = -26 - -9. Let c = w + 22. What is the units digit of c?
5
Let m = -56 - 12. Suppose -10*n + 284 = -8*n. Let q = n + m. What is the units digit of q?
4
Let x(l) = 5*l + 2. Let k be x(-2). Let t be 298/(-8) + (-2)/k. Let h = -4 - t. What is the tens digit of h?
3
Let g(b) = -b + 20. Let h be g(23). Let y(s) = 7*s**2 - 6*s - 1. What is the tens digit of y(h)?
8
Suppose -863 = 8*i - 13767. What is the hundreds digit of i?
6
Suppose 577 = -7*r + 3188. What is the units digit of r?
3
Let c(z) = 22*z**2 - 9*z + 2. Let b be c(4). What is the units digit of (b/(-12))/(3/(-6))?
3
Suppose -4*z = 2*v - 174, 2*z - 159 = -2*v + 3*z. Let h = v - 29. Let r = -16 + h. What is the tens digit of r?
3
Let d(x) be the third derivative of x**6/120 - x**5/10 + 7*x**4/24 - 13*x**3/3 - 24*x**2. What is the hundreds digit of d(8)?
1
Suppose -3*z + 9 = -0*c + c, -2*z + c + 11 = 0. Suppose 0 = s - z*i - 46, -5*s + s + 208 = -4*i. What is the units digit of s?
4
Suppose 0 = -5*x - 2*t + 14, 2*x - 12 = -3*t - t. Suppose x*g - 276 = -4*g. Suppose -4*u - 84 = -4*c, -2*c + u = -0*c - g. What is the units digit of c?
5
What is the hundreds digit of (5 - (-301)/(-63)) + 6548/18?
3
Suppose 0 = -2*h - 4*r + 208, -2*r = -2*h + 70 + 120. Suppose x - h = -x. What is the units digit of x?
9
Let g(k) = 2*k - 10. Let h be g(7). Suppose h*x = 4*y - 40, -x - 70 = -6*y + y. What is the units digit of y?
5
Let o(y) be the first derivative of y**7/168 + y**5/60 - y**4/8 + 2*y**3 - 6. Let f(n) be the third derivative of o(n). What is the tens digit of f(2)?
4
Suppose -10 = 2*w, -3*w - 6780 = 4*q - 24713. What is the thousands digit of q?
4
Let u(h) = 1398*h**3 - 2*h + 1. Let n be u(1). What is the units digit of n/55 - 6/(-10)?
6
Let a be 3/(6/3 + -1). Suppose -2*q = a*y, -y = -4*y. Suppose -4*n + q*r + 22 = 2*r, 5*r - 31 = -4*n. What is the units digit of n?
4
Let o(m) = 2*m + 8. Let a be o(-4). Suppose a = -5*j - 0*j + 400. What is the tens digit of j?
8
What is the hundreds digit of -4*2/16*-862?
4
Let w(j) = j**3 + 4*j**2 + 4*j + 3. Let t be w(-2). Suppose -t*s + a - 4*a = -357, -2*a + 118 = s. Suppose 2*f + 3*f = s. What is the units digit of f?
4
Let b be (153/6)/(4/8). Let u = b - -27. What is the tens digit of u?
7
Let q = -38 - -31. Let g be (-14)/(-49) + 2/q. Suppose s - 4*m + 6 = g, 0 = s - 3*s + 3*m + 8. What is the units digit of s?
0
Let v(s) = s**2. Let z(h) = 7*h**2 + 8*h - 12. Let f(x) = -6*v(x) + z(x). Let p be (-20)/3*(-7 - (-85)/10). What is the units digit of f(p)?
8
Let a(o) = -79*o - 220. What is the tens digit of a(-31)?
2
Let t(a) = a**2 - 26*a - 19. Let d be t(27). Suppose d*m - 291 = 37. What is the units digit of m?
1
Let d(w) = -3 + 118*w**2 + 62*w**2 - 21*w**2 + 1. What is the units digit of d(1)?
7
Let d(w) = -w**2 - w + 5. Let f be (1 - -2)/((-15)/(-25)). Let q be d(f). Let r = q - -37. What is the units digit of r?
2
Let h = 8 - 16. Let q = h + 10. Suppose 193 = 3*a + q*g, 63 = 3*a + 4*g - 128. What is the tens digit of a?
6
Suppose t - 3*t + 36 = 0. Suppose -3*u + 168 = t. What is the units digit of u?
0
Let u = 303 - -394. What is the tens digit of u?
9
Suppose -3*i + 7 = 2*n - 9, 18 = -n + 5*i. What is the units digit of (32/(-3))/(n/(-6))?
2
Suppose -3*l + 2*y + 1175 = 0, l + y = 6*y + 396. What is the tens digit of l?
9
Let s be (4/10)/(3264/1630 - 2). Suppose 3*q = 656 + s. What is the hundreds digit of q?
2
Suppose -l = -2, 2*c + 13*l - 294 = 16*l. What is the hundreds digit of c?
1
Let d(h) = 19*h**2 - 5*h + 7. Let n = 13 - 11. What is the tens digit of d(n)?
7
Let s(k) = 5*k - 61. Let t be s(13). Suppose i - 3 = -4, 5*v - t*i = 69. What is the units digit of v?
3
Suppose -46*v - 15860 = -56*v. What is the units digit of v?
6
Suppose -3*n - 3*y + 583 + 533 = 0, 5*y - 1492 = -4*n. What is the hundreds digit of n?
3
Suppose 0 = 3*i - 26 - 16. What is the tens digit of (-10)/35 + 914/i?
6
Let p be ((-36)/(-27))/((-4)/(-9)). Suppose 0 = -p*n + n, 16 = 2*z + 5*n. What is the units digit of z?
8
Suppose -4*n + 168 = -4. Let k = 6 - 1. What is the units digit of 18/45 + n/k?
9
Suppose -2*g + 2*r + 26371 = -g, -5*g + 4*r = -131885. What is the units digit of g/217 + 6/14?
2
Suppose n + 7 = 5*f, n + 5*f - 13 = -0*f. What is the units digit of -57*(50/(-15) + n)?
9
Suppose -d - 15 = 2*d, 0 = x - 2*d - 26. Let j = -17 + x. What is the tens digit of ((24 + -3)*-1)/j?
2
Let r(d) = -d - 11. Let y be r(-13). Suppose -227 = g - 3*g + 5*i, -192 = -y*g - 2*i. What is the units digit of g?
1
Suppose 5*n + 6742 = 4*a, 2*n = -a + n + 1690. What is the thousands digit of a?
1
Suppose 0 = -20*m + 16*m + 2*v + 2590, 0 = 2*m - 3*v - 1293. What is the hundreds digit of m?
6
Let r(i) = 27*i + 77. Let d(x) = -14*x - 39. Let m(n) = -5*d(n) - 2*r(n). What is the tens digit of m(7)?
5
Let x = 5073 - 3340. What is the hundreds digit of x?
7
Let h = 1 + 6. Suppose 5*j - h*j = 10. What is the tens digit of (j/(-3))/(5/30)?
1
Suppose 0 = -11*b + 7*b + 10440. What is the units digit of ((-1)/3)/((-10)/b)?
7
Suppose -318 = 5*t + 247. Let u = t + 124. What is the units digit of u?
1
Let l be -3*(-110)/(-3)*(-1)/(-2). Let y = 2 - l. What is the tens digit of y?
5
Let o = 20 - 23. Let x(f) = 5*f**2 - 3*f + 2. What is the tens digit of x(o)?
5
Suppose -2*c - 2*c + 3300 = 0. Suppose l - 2*l = -c. What 